{"id":8256,"date":"2017-07-21T10:53:08","date_gmt":"2017-07-21T08:53:08","guid":{"rendered":"http:\/\/www.apn.ostroleka.pl\/?page_id=8256"},"modified":"2017-07-21T10:53:19","modified_gmt":"2017-07-21T08:53:19","slug":"i-liga-mazowiecka-trampkarzy-u-14-201617-c2-wiosna","status":"publish","type":"page","link":"http:\/\/www.apn.ostroleka.pl\/?page_id=8256","title":{"rendered":"I Liga Mazowiecka Trampkarzy U-14 2016\/17 (C2) &#8211; wiosna"},"content":{"rendered":"<p><img loading=\"lazy\" class=\"aligncenter size-full wp-image-8214\" src=\"http:\/\/www.apn.ostroleka.pl\/wp-content\/uploads\/2003_w17_ciechanow01.jpg\" alt=\"\" width=\"750\" height=\"500\" srcset=\"http:\/\/www.apn.ostroleka.pl\/wp-content\/uploads\/2003_w17_ciechanow01.jpg 750w, http:\/\/www.apn.ostroleka.pl\/wp-content\/uploads\/2003_w17_ciechanow01-300x200.jpg 300w, http:\/\/www.apn.ostroleka.pl\/wp-content\/uploads\/2003_w17_ciechanow01-100x67.jpg 100w, http:\/\/www.apn.ostroleka.pl\/wp-content\/uploads\/2003_w17_ciechanow01-50x33.jpg 50w, http:\/\/www.apn.ostroleka.pl\/wp-content\/uploads\/2003_w17_ciechanow01-25x17.jpg 25w\" sizes=\"(max-width: 750px) 100vw, 750px\" \/><\/p>\n<p style=\"text-align: center;\"><strong>I Liga Mazowiecka Trampkarzy &#8211; sezon 2016\/2017 &#8211;\u00a0WIOSNA<\/strong><\/p>\n<p style=\"text-align: justify;\"><strong>Zawodnicy, kt\u00f3rzy zagrali w lidze:<\/strong><\/p>\n<ol>\n<li style=\"text-align: justify;\">Bartkiewicz Olaf &#8211; 13 mecz\u00f3w, 18 bramek<\/li>\n<li style=\"text-align: justify;\">Bia\u0142obrzeski Jan &#8211; 12 mecz\u00f3w, 1 bramka<\/li>\n<li style=\"text-align: justify;\">Dr\u0119\u017cek Konrad &#8211; 12 mecz\u00f3w<\/li>\n<li style=\"text-align: justify;\">Goc\u0142owski Micha\u0142 &#8211; 4 mecze<\/li>\n<li style=\"text-align: justify;\">Grodzki Mieszko &#8211; 13 mecz\u00f3w, 6 bramek<\/li>\n<li style=\"text-align: justify;\">Karwowski Kevin &#8211; 13 mecz\u00f3w, 10 bramek<\/li>\n<li style=\"text-align: justify;\">Kempisty Kacper &#8211; 13 mecz\u00f3w, 4 bramki<\/li>\n<li style=\"text-align: justify;\">Krupka Wiktor &#8211; 1 mecz<\/li>\n<li style=\"text-align: justify;\">Madrak Piotr &#8211; 14 mecz\u00f3w<\/li>\n<li style=\"text-align: justify;\">Majba\u0144ski Mateusz &#8211; 13 mecz\u00f3w<\/li>\n<li style=\"text-align: justify;\">Marciniak Krystian &#8211; 1 mecz (bramkarz)<\/li>\n<li style=\"text-align: justify;\">Nied\u017awiecki Kacper &#8211; 14 mecz\u00f3w, 2 bramki<\/li>\n<li style=\"text-align: justify;\">Petrosjan Andranik &#8211; 13 mecz\u00f3w<\/li>\n<li style=\"text-align: justify;\">Pi\u00f3rkowski Kacper &#8211; 14 mecz\u00f3w, 2 bramki<\/li>\n<li style=\"text-align: justify;\">Prusaczyk Piotr &#8211; 10 mecz\u00f3w, 1 bramka<\/li>\n<li style=\"text-align: justify;\">Sendrowski Micha\u0142 &#8211; 2 mecze<\/li>\n<li style=\"text-align: justify;\">Soko\u0142owski Kacper &#8211; 7 mecz\u00f3w<\/li>\n<li style=\"text-align: justify;\">Stepnowski Kacper &#8211; 6 mecz\u00f3w (bramkarz)<\/li>\n<li style=\"text-align: justify;\">Szczepanek Szymon &#8211; 10 mecz\u00f3w, 3 bramki<\/li>\n<li style=\"text-align: justify;\">Szklanko Adam &#8211; 7 mecz\u00f3w, 2 bramki<\/li>\n<li style=\"text-align: justify;\">Wardak Karol &#8211; 14 mecz\u00f3w (bramkarz)<\/li>\n<\/ol>\n<p style=\"text-align: justify;\"><strong>Trener:\u00a0<\/strong><a href=\"http:\/\/www.apn.ostroleka.pl\/?wpcm_staff=marcin-roman\">Marcin Roman<\/a><br \/>\n<strong>Asystent trenera:<\/strong> <a href=\"http:\/\/www.apn.ostroleka.pl\/?wpcm_staff=piotr-wiski\">Piotr Wiski<\/a><\/p>\n<hr \/>\n<p><strong>Wyniki:\u00a0<\/strong><\/p>\n<p>W Drukarz Warszawa 1-0 &#8211; <a href=\"http:\/\/www.apn.ostroleka.pl\/?p=7740\">relacja<\/a><br \/>\nD Talent Targ\u00f3wek 2-1\u00a0&#8211; <a href=\"http:\/\/www.apn.ostroleka.pl\/?p=7770\">relacja<\/a><br \/>\nW PAF P\u0142o\u0144sk 8-0\u00a0&#8211; <a href=\"http:\/\/www.apn.ostroleka.pl\/?p=7817\">relacja<\/a><br \/>\nD Delta S\u0142upno 7-0\u00a0&#8211; <a href=\"http:\/\/www.apn.ostroleka.pl\/?p=7899\">relacja<\/a><br \/>\nD Legionovia Legionowo 3-3\u00a0&#8211; <a href=\"http:\/\/www.apn.ostroleka.pl\/?p=7920\">relacja<\/a><br \/>\nD Dolcan Z\u0105bki 2-4\u00a0&#8211; <a href=\"http:\/\/www.apn.ostroleka.pl\/?p=7929\">relacja<\/a><br \/>\nW MKS Ciechan\u00f3w 4-2\u00a0&#8211; <a href=\"http:\/\/www.apn.ostroleka.pl\/?p=7991\">relacja<\/a><br \/>\nW Legionovia Legionowo 1-1\u00a0&#8211; <a href=\"http:\/\/www.apn.ostroleka.pl\/?p=7990\">relacja<\/a><br \/>\nD Drukarz Warszawa 1-2\u00a0&#8211; <a href=\"http:\/\/www.apn.ostroleka.pl\/?p=8022\">relacja<\/a><br \/>\nW Talent\u00a0Targ\u00f3wek 1-3\u00a0&#8211; <a href=\"http:\/\/www.apn.ostroleka.pl\/?p=8088\">relacja<\/a><br \/>\nD PAF P\u0142o\u0144sk 2-0\u00a0&#8211; <a href=\"http:\/\/www.apn.ostroleka.pl\/?p=8152\">relacja<\/a><br \/>\nW Delta S\u0142upno 8-0\u00a0&#8211; <a href=\"http:\/\/www.apn.ostroleka.pl\/?p=8160\">relacja<\/a><br \/>\nD MKS Ciechan\u00f3w 10-1\u00a0&#8211; <a href=\"http:\/\/www.apn.ostroleka.pl\/?p=8210\">relacja<\/a><br \/>\nW Dolcan Z\u0105bki 0-6\u00a0&#8211; <a href=\"http:\/\/www.apn.ostroleka.pl\/?p=8228\">relacja<\/a><\/p>\n<hr \/>\n<p style=\"text-align: justify;\"><strong>Tabela ko\u0144cowa:<\/strong><\/p>\n<table>\n<tbody>\n<tr>\n<td>Lp.<\/td>\n<td>Dru\u017cyna<\/td>\n<td>Mecze<\/td>\n<td>Bramki<\/td>\n<td>Punkty<\/td>\n<\/tr>\n<tr>\n<td>1.<\/td>\n<td>Dolcan Z\u0105bki<\/td>\n<td>12-2-0<\/td>\n<td>89-7<\/td>\n<td>38<\/td>\n<\/tr>\n<tr>\n<td>2.<\/td>\n<td>Drukarz Warszawa<\/td>\n<td>9-1-4<\/td>\n<td>67-21<\/td>\n<td>28<\/td>\n<\/tr>\n<tr>\n<td>3.<\/td>\n<td>Legionovia Legionowo<\/td>\n<td>7-5-2<\/td>\n<td>53-23<\/td>\n<td>26<\/td>\n<\/tr>\n<tr>\n<td>4.<\/td>\n<td>APN Ostro\u0142\u0119ka<\/td>\n<td>8-2-4<\/td>\n<td>50-23<\/td>\n<td>26<\/td>\n<\/tr>\n<tr>\n<td>5.<\/td>\n<td>Talent Targ\u00f3wek<\/td>\n<td>8-1-5<\/td>\n<td>59-27<\/td>\n<td>25<\/td>\n<\/tr>\n<tr>\n<td>6.<\/td>\n<td>PAF P\u0142o\u0144sk<\/td>\n<td>3-2-9<\/td>\n<td>22-71<\/td>\n<td>11<\/td>\n<\/tr>\n<tr>\n<td>7.<\/td>\n<td>MKS Ciechan\u00f3w<\/td>\n<td>2-1-11<\/td>\n<td>15-71<\/td>\n<td>7<\/td>\n<\/tr>\n<tr>\n<td>8.<\/td>\n<td>Delta S\u0142upno<\/td>\n<td>0-0-14<\/td>\n<td>2-114<\/td>\n<td>0<\/td>\n<\/tr>\n<\/tbody>\n<\/table>\n<hr \/>\n<p style=\"text-align: center;\"><a href=\"http:\/\/www.apn.ostroleka.pl\/?page_id=4791\">Archiwum sezon\u00f3w<\/a><\/p>\n","protected":false},"excerpt":{"rendered":"<p>I Liga Mazowiecka Trampkarzy &#8211; sezon 2016\/2017 &#8211;\u00a0WIOSNA Zawodnicy, kt\u00f3rzy zagrali w lidze: Bartkiewicz Olaf &#8211; 13 mecz\u00f3w, 18 bramek Bia\u0142obrzeski Jan &#8211; 12 mecz\u00f3w, 1 bramka Dr\u0119\u017cek Konrad &#8211; &hellip; <\/p>\n","protected":false},"author":1,"featured_media":0,"parent":5806,"menu_order":0,"comment_status":"closed","ping_status":"closed","template":"","meta":[],"_links":{"self":[{"href":"http:\/\/www.apn.ostroleka.pl\/index.php?rest_route=\/wp\/v2\/pages\/8256"}],"collection":[{"href":"http:\/\/www.apn.ostroleka.pl\/index.php?rest_route=\/wp\/v2\/pages"}],"about":[{"href":"http:\/\/www.apn.ostroleka.pl\/index.php?rest_route=\/wp\/v2\/types\/page"}],"author":[{"embeddable":true,"href":"http:\/\/www.apn.ostroleka.pl\/index.php?rest_route=\/wp\/v2\/users\/1"}],"replies":[{"embeddable":true,"href":"http:\/\/www.apn.ostroleka.pl\/index.php?rest_route=%2Fwp%2Fv2%2Fcomments&post=8256"}],"version-history":[{"count":1,"href":"http:\/\/www.apn.ostroleka.pl\/index.php?rest_route=\/wp\/v2\/pages\/8256\/revisions"}],"predecessor-version":[{"id":8257,"href":"http:\/\/www.apn.ostroleka.pl\/index.php?rest_route=\/wp\/v2\/pages\/8256\/revisions\/8257"}],"up":[{"embeddable":true,"href":"http:\/\/www.apn.ostroleka.pl\/index.php?rest_route=\/wp\/v2\/pages\/5806"}],"wp:attachment":[{"href":"http:\/\/www.apn.ostroleka.pl\/index.php?rest_route=%2Fwp%2Fv2%2Fmedia&parent=8256"}],"curies":[{"name":"wp","href":"https:\/\/api.w.org\/{rel}","templated":true}]}}