{"id":6791,"date":"2016-09-12T11:55:36","date_gmt":"2016-09-12T09:55:36","guid":{"rendered":"http:\/\/www.apn.ostroleka.pl\/?page_id=6791"},"modified":"2017-07-21T10:27:14","modified_gmt":"2017-07-21T08:27:14","slug":"i-liga-mazowiecka-201617-u-14","status":"publish","type":"page","link":"http:\/\/www.apn.ostroleka.pl\/?page_id=6791","title":{"rendered":"I Liga Mazowiecka Trampkarzy 2016\/17 (U-14) &#8211; jesie\u0144"},"content":{"rendered":"<p><img loading=\"lazy\" class=\"aligncenter size-large wp-image-6533\" src=\"http:\/\/www.apn.ostroleka.pl\/wp-content\/uploads\/2003_legionovia_02-800x600.jpg\" alt=\"2003_legionovia_02\" width=\"800\" height=\"600\" srcset=\"http:\/\/www.apn.ostroleka.pl\/wp-content\/uploads\/2003_legionovia_02.jpg 800w, http:\/\/www.apn.ostroleka.pl\/wp-content\/uploads\/2003_legionovia_02-300x225.jpg 300w, http:\/\/www.apn.ostroleka.pl\/wp-content\/uploads\/2003_legionovia_02-768x576.jpg 768w, http:\/\/www.apn.ostroleka.pl\/wp-content\/uploads\/2003_legionovia_02-100x75.jpg 100w, http:\/\/www.apn.ostroleka.pl\/wp-content\/uploads\/2003_legionovia_02-50x38.jpg 50w, http:\/\/www.apn.ostroleka.pl\/wp-content\/uploads\/2003_legionovia_02-25x19.jpg 25w\" sizes=\"(max-width: 800px) 100vw, 800px\" \/><\/p>\n<p style=\"text-align: center;\"><strong>I Liga Mazowiecka Trampkarzy &#8211; sezon 2016\/2017 &#8211; JESIE\u0143<\/strong><\/p>\n<p style=\"text-align: justify;\"><strong>Zawodnicy, kt\u00f3rzy zagrali w lidze:<\/strong><\/p>\n<ol>\n<li style=\"text-align: justify;\">Banach Miko\u0142aj &#8211; 8 mecz\u00f3w<\/li>\n<li style=\"text-align: justify;\">Bartkiewicz Olaf &#8211; 11 mecz\u00f3w, 12 bramek<\/li>\n<li style=\"text-align: justify;\">Bia\u0142obrzeski Jan &#8211; 13 mecz\u00f3w, 3 bramki<\/li>\n<li style=\"text-align: justify;\">Bielewicz Patryk &#8211; 13 mecz\u00f3w, 12 bramek<\/li>\n<li style=\"text-align: justify;\">Dr\u0119\u017cek Konrad &#8211; 14 mecz\u00f3w<\/li>\n<li style=\"text-align: justify;\">Goc\u0142owski Micha\u0142 &#8211; 7 mecz\u00f3w<\/li>\n<li style=\"text-align: justify;\">Grodzki Mieszko &#8211; 14 mecz\u00f3w, 1 bramka<\/li>\n<li style=\"text-align: justify;\">Karwowski Kevin &#8211; 14 mecz\u00f3w, 7 bramek<\/li>\n<li style=\"text-align: justify;\">\u0141abuda Adrian &#8211; 1 mecz<\/li>\n<li style=\"text-align: justify;\">Madrak Piotr &#8211; 14 mecz\u00f3w<\/li>\n<li style=\"text-align: justify;\">Majba\u0144ski Mateusz &#8211; 14 mecz\u00f3w<\/li>\n<li style=\"text-align: justify;\">Marciniak Krystian &#8211; 4 mecze (bramkarz)<\/li>\n<li style=\"text-align: justify;\">Nied\u017awiecki Kacper &#8211; 14 mecz\u00f3w<\/li>\n<li style=\"text-align: justify;\">Pazu\u0142a Kamil &#8211; 4 mecze<\/li>\n<li style=\"text-align: justify;\">Petrosjan Andranik &#8211; 11 mecz\u00f3w, 1 bramka<\/li>\n<li style=\"text-align: justify;\">Pi\u00f3rkowski Kacper &#8211; 13 mecz\u00f3w, 1 bramka<\/li>\n<li style=\"text-align: justify;\">Sendrowski Micha\u0142 &#8211; 5 mecz\u00f3w, 2 bramki<\/li>\n<li style=\"text-align: justify;\">Stepnowski Kacper &#8211; 14 mecz\u00f3w (bramkarz)<\/li>\n<li style=\"text-align: justify;\">Szczepanek Szymon &#8211; 11 mecz\u00f3w<\/li>\n<li style=\"text-align: justify;\">Szklanko Adam &#8211; 10 mecz\u00f3w, 4 bramki<\/li>\n<li style=\"text-align: justify;\">Zi\u0119ba Adam &#8211; 2 mecze<\/li>\n<\/ol>\n<p style=\"text-align: justify;\"><strong>Trener:\u00a0<\/strong><a href=\"http:\/\/www.apn.ostroleka.pl\/?wpcm_staff=marcin-roman\">Marcin Roman<\/a><br \/>\n<strong>Asystent trenera:<\/strong> <a href=\"http:\/\/www.apn.ostroleka.pl\/?wpcm_staff=piotr-wiski\">Piotr Wiski<\/a><\/p>\n<hr \/>\n<p><strong>Wyniki:\u00a0<\/strong><\/p>\n<p>D Legionovia 0-5 &#8211; <a href=\"http:\/\/www.apn.ostroleka.pl\/?p=6527\">relacja<\/a><br \/>\nW Bia\u0142e Or\u0142y 4-2 &#8211; <a href=\"http:\/\/www.apn.ostroleka.pl\/?p=6629\">relacja<\/a><br \/>\nD Drukarz 3-2 &#8211; <a href=\"http:\/\/www.apn.ostroleka.pl\/?wpcm_match=6523-apn-ostro%c5%82%c4%99ka-vs-drukarz-warszawa\">relacja<\/a><br \/>\nW Dolcan 2-4 &#8211; <a href=\"http:\/\/www.apn.ostroleka.pl\/?p=6829\">relacja<\/a><br \/>\nD Legia 0-4 &#8211; <a href=\"http:\/\/www.apn.ostroleka.pl\/?p=6889\">relacja<br \/>\n<\/a>D Przasnysz 7-1 &#8211; <a href=\"http:\/\/www.apn.ostroleka.pl\/?p=6933\">relacja<\/a><br \/>\nW Pegaz 12-0 &#8211; <a href=\"http:\/\/www.apn.ostroleka.pl\/?p=7026\">relacja<\/a><br \/>\nW Legionovia 1-3 &#8211; <a href=\"http:\/\/www.apn.ostroleka.pl\/?p=7114\">relacja\u00a0<\/a><br \/>\nD Bia\u0142e Or\u0142y 2-0 &#8211; <a href=\"http:\/\/www.apn.ostroleka.pl\/?p=7168\">relacja<\/a><br \/>\nW Drukarz 1-3 &#8211; <a href=\"http:\/\/www.apn.ostroleka.pl\/?p=7241\">relacja<\/a><br \/>\nW Przasnysz 1-0 &#8211; <a href=\"http:\/\/www.apn.ostroleka.pl\/?p=7272\">relacja<\/a><br \/>\nD Dolcan 3-2 &#8211; <a href=\"http:\/\/www.apn.ostroleka.pl\/?p=7299\">relacja<\/a><br \/>\nW Legia 0-7 &#8211; <a href=\"http:\/\/www.apn.ostroleka.pl\/?p=7324\">relacja<\/a><br \/>\nD Pegaz 7-0 &#8211; <a href=\"http:\/\/www.apn.ostroleka.pl\/?p=7376\">relacja<\/a><\/p>\n<hr \/>\n<p style=\"text-align: justify;\"><strong>Tabela ko\u0144cowa:<\/strong><\/p>\n<table>\n<tbody>\n<tr>\n<td>Lp.<\/td>\n<td>Dru\u017cyna<\/td>\n<td>Mecze<\/td>\n<td>Bramki<\/td>\n<td>Punkty<\/td>\n<\/tr>\n<tr>\n<td>1.<\/td>\n<td>Legia Warszawa<\/td>\n<td>13-1-0<\/td>\n<td>91-3<\/td>\n<td>40<\/td>\n<\/tr>\n<tr>\n<td>2.<\/td>\n<td>Dolcan Z\u0105bki<\/td>\n<td>10-0-4<\/td>\n<td>54-29<\/td>\n<td>30<\/td>\n<\/tr>\n<tr>\n<td>3.<\/td>\n<td>Legionovia Legionowo<\/td>\n<td>9-2-3<\/td>\n<td>70-19<\/td>\n<td>29<\/td>\n<\/tr>\n<tr>\n<td>4.<\/td>\n<td>APN Ostro\u0142\u0119ka<\/td>\n<td>8-0-6<\/td>\n<td>43-33<\/td>\n<td>24<\/td>\n<\/tr>\n<tr>\n<td>5.<\/td>\n<td>Drukarz Warszawa<\/td>\n<td>7-1-6<\/td>\n<td>40-29<\/td>\n<td>22<\/td>\n<\/tr>\n<tr>\n<td>6.<\/td>\n<td>UKS Bia\u0142e Or\u0142y Warszawa<\/td>\n<td>3-3-8<\/td>\n<td>17-34<\/td>\n<td>12<\/td>\n<\/tr>\n<tr>\n<td>7.<\/td>\n<td>MKS Przasnysz<\/td>\n<td>2-0-12<\/td>\n<td>16-89<\/td>\n<td>6<\/td>\n<\/tr>\n<tr>\n<td>8.<\/td>\n<td>Pegaz Drobin<\/td>\n<td>0-1-13<\/td>\n<td>10-105<\/td>\n<td>1<\/td>\n<\/tr>\n<\/tbody>\n<\/table>\n<hr \/>\n<p style=\"text-align: center;\"><a href=\"http:\/\/www.apn.ostroleka.pl\/?page_id=4791\">Archiwum sezon\u00f3w<\/a><\/p>\n","protected":false},"excerpt":{"rendered":"<p>I Liga Mazowiecka Trampkarzy &#8211; sezon 2016\/2017 &#8211; JESIE\u0143 Zawodnicy, kt\u00f3rzy zagrali w lidze: Banach Miko\u0142aj &#8211; 8 mecz\u00f3w Bartkiewicz Olaf &#8211; 11 mecz\u00f3w, 12 bramek Bia\u0142obrzeski Jan &#8211; 13 &hellip; <\/p>\n","protected":false},"author":1,"featured_media":0,"parent":5806,"menu_order":0,"comment_status":"closed","ping_status":"closed","template":"","meta":[],"_links":{"self":[{"href":"http:\/\/www.apn.ostroleka.pl\/index.php?rest_route=\/wp\/v2\/pages\/6791"}],"collection":[{"href":"http:\/\/www.apn.ostroleka.pl\/index.php?rest_route=\/wp\/v2\/pages"}],"about":[{"href":"http:\/\/www.apn.ostroleka.pl\/index.php?rest_route=\/wp\/v2\/types\/page"}],"author":[{"embeddable":true,"href":"http:\/\/www.apn.ostroleka.pl\/index.php?rest_route=\/wp\/v2\/users\/1"}],"replies":[{"embeddable":true,"href":"http:\/\/www.apn.ostroleka.pl\/index.php?rest_route=%2Fwp%2Fv2%2Fcomments&post=6791"}],"version-history":[{"count":14,"href":"http:\/\/www.apn.ostroleka.pl\/index.php?rest_route=\/wp\/v2\/pages\/6791\/revisions"}],"predecessor-version":[{"id":8255,"href":"http:\/\/www.apn.ostroleka.pl\/index.php?rest_route=\/wp\/v2\/pages\/6791\/revisions\/8255"}],"up":[{"embeddable":true,"href":"http:\/\/www.apn.ostroleka.pl\/index.php?rest_route=\/wp\/v2\/pages\/5806"}],"wp:attachment":[{"href":"http:\/\/www.apn.ostroleka.pl\/index.php?rest_route=%2Fwp%2Fv2%2Fmedia&parent=6791"}],"curies":[{"name":"wp","href":"https:\/\/api.w.org\/{rel}","templated":true}]}}