{"id":4972,"date":"2015-11-18T12:59:32","date_gmt":"2015-11-18T10:59:32","guid":{"rendered":"http:\/\/www.apn.ostroleka.pl\/?page_id=4972"},"modified":"2016-09-23T15:35:31","modified_gmt":"2016-09-23T13:35:31","slug":"sukcesy-grupy-2007","status":"publish","type":"page","link":"http:\/\/www.apn.ostroleka.pl\/?page_id=4972","title":{"rendered":"Sukcesy grupy 2007"},"content":{"rendered":"<p style=\"text-align: center;\"><img loading=\"lazy\" class=\"aligncenter size-full wp-image-4977\" src=\"http:\/\/www.apn.ostroleka.pl\/wp-content\/uploads\/2007.jpg\" alt=\"2007\" width=\"640\" height=\"426\" srcset=\"http:\/\/www.apn.ostroleka.pl\/wp-content\/uploads\/2007.jpg 640w, http:\/\/www.apn.ostroleka.pl\/wp-content\/uploads\/2007-300x200.jpg 300w\" sizes=\"(max-width: 640px) 100vw, 640px\" \/>APN Ostro\u0142\u0119ka, rocznik 2007 wraz z \u00f3wczesnymi trenerami: Mariuszem Kuczewskim i Arkadiuszem Romanem (zdj\u0119cie z 2015 roku).<\/p>\n<table>\n<tbody>\n<tr>\n<td><strong>Puchar<\/strong><\/td>\n<td><strong>Opis<\/strong><\/td>\n<td><strong>Indywidualnie<\/strong><\/td>\n<\/tr>\n<tr>\n<td><img loading=\"lazy\" class=\"alignnone\" src=\"http:\/\/www.apn.ostroleka.pl\/wp-content\/uploads\/2014-ostroleka-3.jpg\" alt=\"\" width=\"250\" height=\"166\" \/><\/td>\n<td>Puchar Prezydenta Ostro\u0142\u0119ki<br \/>\nRelacja: <strong><a href=\"http:\/\/www.apn.ostroleka.pl\/?p=3194\">tutaj<\/a><\/strong><br \/>\nOstro\u0142\u0119ka, 13.12.2014<\/td>\n<td>Kr\u00f3l strzelc\u00f3w: Jan Petrosjan<\/td>\n<\/tr>\n<tr>\n<td><img loading=\"lazy\" class=\"alignnone\" src=\"http:\/\/www.apn.ostroleka.pl\/wp-content\/uploads\/2015-warszawa-5.jpg\" alt=\"\" width=\"250\" height=\"166\" \/><\/td>\n<td>&#8222;Liga Mistrz\u00f3w&#8221; Wawa Sport<br \/>\nRelacja: <strong><a href=\"http:\/\/www.wawa-sport.pl\/turniej-2007\/index\">tutaj<\/a><\/strong> (zewn\u0119trzna)<br \/>\nWarszawa, 31.05.2015<\/td>\n<td style=\"text-align: center;\">&#8211;<\/td>\n<\/tr>\n<tr>\n<td><img loading=\"lazy\" class=\"alignnone\" src=\"http:\/\/www.apn.ostroleka.pl\/wp-content\/uploads\/sukc-19.jpg\" alt=\"\" width=\"250\" height=\"166\" \/><\/td>\n<td>Turniej M\u0141KS \u0141om\u017ca<br \/>\nRelacja: <strong><a href=\"http:\/\/www.apn.ostroleka.pl\/?p=4213\">tutaj<\/a><\/strong><br \/>\n\u0141om\u017ca, 28.06.2015<\/td>\n<td>&#8211;<\/td>\n<\/tr>\n<tr>\n<td><img loading=\"lazy\" class=\"alignnone\" src=\"http:\/\/www.apn.ostroleka.pl\/wp-content\/uploads\/2015-ostroleka-niep.jpg\" alt=\"\" width=\"250\" height=\"166\" \/><\/td>\n<td>Turniej Niepodleg\u0142o\u015bci<br \/>\nRelacja: <strong><a href=\"http:\/\/www.apn.ostroleka.pl\/?p=4934\">tutaj<\/a><\/strong><br \/>\nOstro\u0142\u0119ka, 08.11.2015<\/td>\n<td>&#8211;<\/td>\n<\/tr>\n<tr>\n<td>4. miejsce<\/td>\n<td>Korona Cup 2015<br \/>\nRelacja: <strong><a href=\"http:\/\/www.apn.ostroleka.pl\/?p=5055\">tutaj<\/a><\/strong><br \/>\nWarszawa, 28.11.2015<\/td>\n<td>&#8211;<\/td>\n<\/tr>\n<tr>\n<td>8. miejsce<\/td>\n<td>Delta Cup CXXIV<br \/>\nRelacja: <strong><a href=\"http:\/\/www.apn.ostroleka.pl\/?p=5109\">tutaj<\/a><\/strong><br \/>\nWarszawa,\u00a005.12.2015<\/td>\n<td>&#8211;<\/td>\n<\/tr>\n<tr>\n<td><span style=\"text-decoration: underline;\"><strong>1. miejsce<\/strong><\/span><\/td>\n<td>Puchar Przewodnicz\u0105cego RM<br \/>\nRelacja: <strong><a href=\"http:\/\/www.apn.ostroleka.pl\/?p=5132\">tutaj<\/a><\/strong><br \/>\nOstro\u0142\u0119ka, 19.12.2015<\/td>\n<td>&#8211;<\/td>\n<\/tr>\n<tr>\n<td><span style=\"text-decoration: underline;\">2. miejsce<\/span><\/td>\n<td>Puchar\u00a0Prezydenta K\u0119trzyna<br \/>\nRelacja: <a href=\"http:\/\/www.apn.ostroleka.pl\/?p=7006\"><strong>tutaj<\/strong><\/a><br \/>\nK\u0119trzyn,\u00a017.09.2016<\/td>\n<td>Najlepszy bramkarz:<br \/>\nAlex Mierzejewski.<br \/>\nNajlepszy strzelec:<br \/>\nKarol D\u0119bek (5 goli)<\/td>\n<\/tr>\n<\/tbody>\n<\/table>\n<p style=\"text-align: center;\"><a href=\"http:\/\/www.apn.ostroleka.pl\/?page_id=4432\">Powr\u00f3t<\/a><\/p>\n","protected":false},"excerpt":{"rendered":"<p>APN Ostro\u0142\u0119ka, rocznik 2007 wraz z \u00f3wczesnymi trenerami: Mariuszem Kuczewskim i Arkadiuszem Romanem (zdj\u0119cie z 2015 roku). Puchar Opis Indywidualnie Puchar Prezydenta Ostro\u0142\u0119ki Relacja: tutaj Ostro\u0142\u0119ka, 13.12.2014 Kr\u00f3l strzelc\u00f3w: Jan &hellip; <\/p>\n","protected":false},"author":1,"featured_media":0,"parent":4432,"menu_order":0,"comment_status":"closed","ping_status":"closed","template":"","meta":[],"_links":{"self":[{"href":"http:\/\/www.apn.ostroleka.pl\/index.php?rest_route=\/wp\/v2\/pages\/4972"}],"collection":[{"href":"http:\/\/www.apn.ostroleka.pl\/index.php?rest_route=\/wp\/v2\/pages"}],"about":[{"href":"http:\/\/www.apn.ostroleka.pl\/index.php?rest_route=\/wp\/v2\/types\/page"}],"author":[{"embeddable":true,"href":"http:\/\/www.apn.ostroleka.pl\/index.php?rest_route=\/wp\/v2\/users\/1"}],"replies":[{"embeddable":true,"href":"http:\/\/www.apn.ostroleka.pl\/index.php?rest_route=%2Fwp%2Fv2%2Fcomments&post=4972"}],"version-history":[{"count":8,"href":"http:\/\/www.apn.ostroleka.pl\/index.php?rest_route=\/wp\/v2\/pages\/4972\/revisions"}],"predecessor-version":[{"id":7020,"href":"http:\/\/www.apn.ostroleka.pl\/index.php?rest_route=\/wp\/v2\/pages\/4972\/revisions\/7020"}],"up":[{"embeddable":true,"href":"http:\/\/www.apn.ostroleka.pl\/index.php?rest_route=\/wp\/v2\/pages\/4432"}],"wp:attachment":[{"href":"http:\/\/www.apn.ostroleka.pl\/index.php?rest_route=%2Fwp%2Fv2%2Fmedia&parent=4972"}],"curies":[{"name":"wp","href":"https:\/\/api.w.org\/{rel}","templated":true}]}}