{"id":4784,"date":"2015-10-06T12:44:12","date_gmt":"2015-10-06T10:44:12","guid":{"rendered":"http:\/\/www.apn.ostroleka.pl\/?page_id=4784"},"modified":"2016-05-16T12:10:22","modified_gmt":"2016-05-16T10:10:22","slug":"grupa-200405-sezon-201415","status":"publish","type":"page","link":"http:\/\/www.apn.ostroleka.pl\/?page_id=4784","title":{"rendered":"Grupa 2005 &#8211; sezon 2014\/15"},"content":{"rendered":"<p><strong>= = = = = = = = = = Sezon 2014\/15 = = = = = = = = = =<\/strong><\/p>\n<p>Rozgrywki: <strong>Liga Orlik\u00f3w U-11 COOZPN, gr. II<\/strong><\/p>\n<p><strong>Wyniki:<\/strong><\/p>\n<p><img loading=\"lazy\" src=\"http:\/\/www.apn.ostroleka.pl\/wp-content\/uploads\/logo-nadnarwianka.png\" alt=\"\" width=\"20\" height=\"20\" \/> 13.09.2014 D\u00a0Nadnarwianka Pu\u0142tusk <strong><a href=\"http:\/\/www.apn.ostroleka.pl\/?p=2548\">1:3<\/a><\/strong><br \/>\n<img loading=\"lazy\" src=\"http:\/\/www.apn.ostroleka.pl\/wp-content\/uploads\/logo-mksnarew.png\" alt=\"\" width=\"20\" height=\"20\" \/> 21.09.2014 D\u00a0MKS Narew Ostro\u0142\u0119ka <strong><a href=\"http:\/\/www.apn.ostroleka.pl\/?p=2656\">20:0<\/a><\/strong><br \/>\n<img loading=\"lazy\" src=\"http:\/\/www.apn.ostroleka.pl\/wp-content\/uploads\/logo-sypniewo.png\" alt=\"\" width=\"20\" height=\"20\" \/> 28.09.2014 W Orze\u0142 Sypniewo <strong><a href=\"http:\/\/www.apn.ostroleka.pl\/?p=2656\">3:0 WO<\/a><\/strong><br \/>\n<img loading=\"lazy\" src=\"http:\/\/www.apn.ostroleka.pl\/wp-content\/uploads\/logo-czerwin.png\" alt=\"\" width=\"20\" height=\"20\" \/> 05.10.2014 D\u00a0LUKS Czerwin <strong><a href=\"http:\/\/www.apn.ostroleka.pl\/?p=2656\">19:0<\/a><\/strong><br \/>\n<img loading=\"lazy\" src=\"http:\/\/www.apn.ostroleka.pl\/wp-content\/uploads\/logo-makow.png\" alt=\"\" width=\"20\" height=\"20\" \/> 12.10.2014 W Makowianka Mak\u00f3w Maz. <strong><a href=\"http:\/\/www.apn.ostroleka.pl\/?p=2742\">1:3<\/a><\/strong><\/p>\n<p><img loading=\"lazy\" src=\"http:\/\/www.apn.ostroleka.pl\/wp-content\/uploads\/logo-nadnarwianka.png\" alt=\"\" width=\"20\" height=\"20\" \/> 25.04.2015 W Nadnarwianka Pu\u0142tusk <strong>4:8<\/strong><br \/>\n<img loading=\"lazy\" src=\"http:\/\/www.apn.ostroleka.pl\/wp-content\/uploads\/logo-mksnarew.png\" alt=\"\" width=\"20\" height=\"20\" \/> 04.05.2015 W MKS Narew Ostro\u0142\u0119ka <strong>14:1<\/strong><br \/>\n<img loading=\"lazy\" src=\"http:\/\/www.apn.ostroleka.pl\/wp-content\/uploads\/logo-sypniewo.png\" alt=\"\" width=\"20\" height=\"20\" \/> 10.05.2015 D Orze\u0142 Sypniewo <strong>3:0<\/strong><br \/>\n<img loading=\"lazy\" src=\"http:\/\/www.apn.ostroleka.pl\/wp-content\/uploads\/logo-czerwin.png\" alt=\"\" width=\"20\" height=\"20\" \/> 16.05.2015 W LUKS Czerwin <strong>3:0 WO<\/strong><br \/>\n<img loading=\"lazy\" src=\"http:\/\/www.apn.ostroleka.pl\/wp-content\/uploads\/logo-makow.png\" alt=\"\" width=\"20\" height=\"20\" \/> 25.05.2015 D Makowianka Mak\u00f3w Maz. <strong>12:3<\/strong><\/p>\n<p><strong>Tabela ko\u0144cowa:<\/strong><\/p>\n<table border=\"0\" cellspacing=\"0\">\n<colgroup width=\"85\"><\/colgroup>\n<colgroup width=\"132\"><\/colgroup>\n<colgroup span=\"3\" width=\"85\"><\/colgroup>\n<tbody>\n<tr>\n<td align=\"CENTER\" height=\"19\"><b>Lp.<\/b><\/td>\n<td align=\"CENTER\"><b>Dru\u017cyna<\/b><\/td>\n<td align=\"CENTER\"><b>Mecze<\/b><\/td>\n<td align=\"CENTER\"><b>Punkty<\/b><\/td>\n<td align=\"CENTER\"><b>Bramki<\/b><\/td>\n<\/tr>\n<tr>\n<td align=\"CENTER\" height=\"20\">1<\/td>\n<td align=\"LEFT\">Nadnarwianka Pu\u0142tusk<\/td>\n<td align=\"CENTER\">10<\/td>\n<td align=\"CENTER\">27<\/td>\n<td align=\"CENTER\">95-26<\/td>\n<\/tr>\n<tr>\n<td align=\"CENTER\" height=\"17\">2<\/td>\n<td align=\"LEFT\">Makowianka Mak\u00f3w M.<\/td>\n<td align=\"CENTER\">10<\/td>\n<td align=\"CENTER\">24<\/td>\n<td align=\"CENTER\">91-26<\/td>\n<\/tr>\n<tr>\n<td align=\"CENTER\" height=\"17\">3<\/td>\n<td align=\"LEFT\"><u>APN Ostro\u0142\u0119ka<\/u><\/td>\n<td align=\"CENTER\">10<\/td>\n<td align=\"CENTER\">21<\/td>\n<td align=\"CENTER\">74-21<\/td>\n<\/tr>\n<tr>\n<td align=\"CENTER\" height=\"17\">4<\/td>\n<td align=\"LEFT\">Orze\u0142 Sypniewo<\/td>\n<td align=\"CENTER\">10<\/td>\n<td align=\"CENTER\">8<\/td>\n<td align=\"CENTER\">16-47<\/td>\n<\/tr>\n<tr>\n<td align=\"CENTER\" height=\"17\">5<\/td>\n<td align=\"LEFT\">MKS Narew Ostro\u0142\u0119ka<\/td>\n<td align=\"CENTER\">10<\/td>\n<td align=\"CENTER\">7<\/td>\n<td align=\"CENTER\">18-101<\/td>\n<\/tr>\n<tr>\n<td align=\"CENTER\" height=\"17\">6<\/td>\n<td align=\"LEFT\">LUKS Czerwin<\/td>\n<td align=\"CENTER\">10<\/td>\n<td align=\"CENTER\">4<\/td>\n<td align=\"CENTER\">24-97<\/td>\n<\/tr>\n<\/tbody>\n<\/table>\n<p>\/Uwaga! Liczba bramek, kt\u00f3re pad\u0142y w meczach nie zgadza si\u0119 z oficjaln\u0105 tabel\u0105.\/<\/p>\n","protected":false},"excerpt":{"rendered":"<p>= = = = = = = = = = Sezon 2014\/15 = = = = = = = = = = Rozgrywki: Liga Orlik\u00f3w U-11 COOZPN, gr. II Wyniki: &hellip; <\/p>\n","protected":false},"author":1,"featured_media":0,"parent":5806,"menu_order":0,"comment_status":"closed","ping_status":"closed","template":"","meta":[],"_links":{"self":[{"href":"http:\/\/www.apn.ostroleka.pl\/index.php?rest_route=\/wp\/v2\/pages\/4784"}],"collection":[{"href":"http:\/\/www.apn.ostroleka.pl\/index.php?rest_route=\/wp\/v2\/pages"}],"about":[{"href":"http:\/\/www.apn.ostroleka.pl\/index.php?rest_route=\/wp\/v2\/types\/page"}],"author":[{"embeddable":true,"href":"http:\/\/www.apn.ostroleka.pl\/index.php?rest_route=\/wp\/v2\/users\/1"}],"replies":[{"embeddable":true,"href":"http:\/\/www.apn.ostroleka.pl\/index.php?rest_route=%2Fwp%2Fv2%2Fcomments&post=4784"}],"version-history":[{"count":3,"href":"http:\/\/www.apn.ostroleka.pl\/index.php?rest_route=\/wp\/v2\/pages\/4784\/revisions"}],"predecessor-version":[{"id":5266,"href":"http:\/\/www.apn.ostroleka.pl\/index.php?rest_route=\/wp\/v2\/pages\/4784\/revisions\/5266"}],"up":[{"embeddable":true,"href":"http:\/\/www.apn.ostroleka.pl\/index.php?rest_route=\/wp\/v2\/pages\/5806"}],"wp:attachment":[{"href":"http:\/\/www.apn.ostroleka.pl\/index.php?rest_route=%2Fwp%2Fv2%2Fmedia&parent=4784"}],"curies":[{"name":"wp","href":"https:\/\/api.w.org\/{rel}","templated":true}]}}