{"id":4271,"date":"2015-07-21T16:57:25","date_gmt":"2015-07-21T14:57:25","guid":{"rendered":"http:\/\/www.apn.ostroleka.pl\/?page_id=4271"},"modified":"2015-07-21T16:58:04","modified_gmt":"2015-07-21T14:58:04","slug":"dekalog-rodzica","status":"publish","type":"page","link":"http:\/\/www.apn.ostroleka.pl\/?page_id=4271","title":{"rendered":"Dekalog Rodzica"},"content":{"rendered":"<ol>\n<li>Nie rozmawiaj za du\u017co o pi\u0142ce no\u017cnej ze swoim synem w domu.<\/li>\n<li>Nie wymagaj zbyt wiele od syna.<\/li>\n<li>Nie krytykuj swojego dziecka.<\/li>\n<li>Nie os\u0105dzaj swojego dziecka.<\/li>\n<li>Nie b\u0105d\u017a z\u0142y je\u017celi Tw\u00f3j syn pope\u0142ni b\u0142\u0105d w trakcie gry.<\/li>\n<li>Nie obwiniaj m\u0142odego pi\u0142karza w trudnych dla niego chwilach, kiedy\u00a0 mu nie &#8222;idzie&#8221; w grze.<\/li>\n<li>B\u0105d\u017a pomocny dla swojego dziecka, dopinguj je, wspieraj na ka\u017cdym kroku.<\/li>\n<li>M\u0142ody pi\u0142karz musi czu\u0107 Twoje wsparcie.<\/li>\n<li>Stw\u00f3rz przyjazn\u0105 atmosfer\u0119 do treningu, do gry w meczu.<\/li>\n<li>Ufaj w wiedz\u0119 i umiej\u0119tno\u015bci trener\u00f3w.<\/li>\n<\/ol>\n","protected":false},"excerpt":{"rendered":"<p>Nie rozmawiaj za du\u017co o pi\u0142ce no\u017cnej ze swoim synem w domu. Nie wymagaj zbyt wiele od syna. Nie krytykuj swojego dziecka. Nie os\u0105dzaj swojego dziecka. Nie b\u0105d\u017a z\u0142y je\u017celi &hellip; <\/p>\n","protected":false},"author":1,"featured_media":0,"parent":577,"menu_order":0,"comment_status":"closed","ping_status":"closed","template":"","meta":[],"_links":{"self":[{"href":"http:\/\/www.apn.ostroleka.pl\/index.php?rest_route=\/wp\/v2\/pages\/4271"}],"collection":[{"href":"http:\/\/www.apn.ostroleka.pl\/index.php?rest_route=\/wp\/v2\/pages"}],"about":[{"href":"http:\/\/www.apn.ostroleka.pl\/index.php?rest_route=\/wp\/v2\/types\/page"}],"author":[{"embeddable":true,"href":"http:\/\/www.apn.ostroleka.pl\/index.php?rest_route=\/wp\/v2\/users\/1"}],"replies":[{"embeddable":true,"href":"http:\/\/www.apn.ostroleka.pl\/index.php?rest_route=%2Fwp%2Fv2%2Fcomments&post=4271"}],"version-history":[{"count":1,"href":"http:\/\/www.apn.ostroleka.pl\/index.php?rest_route=\/wp\/v2\/pages\/4271\/revisions"}],"predecessor-version":[{"id":4272,"href":"http:\/\/www.apn.ostroleka.pl\/index.php?rest_route=\/wp\/v2\/pages\/4271\/revisions\/4272"}],"up":[{"embeddable":true,"href":"http:\/\/www.apn.ostroleka.pl\/index.php?rest_route=\/wp\/v2\/pages\/577"}],"wp:attachment":[{"href":"http:\/\/www.apn.ostroleka.pl\/index.php?rest_route=%2Fwp%2Fv2%2Fmedia&parent=4271"}],"curies":[{"name":"wp","href":"https:\/\/api.w.org\/{rel}","templated":true}]}}