{"id":3668,"date":"2015-04-07T12:33:29","date_gmt":"2015-04-07T10:33:29","guid":{"rendered":"http:\/\/www.apn.ostroleka.pl\/?page_id=3668"},"modified":"2016-09-12T10:13:52","modified_gmt":"2016-09-12T08:13:52","slug":"liga-mlodzikow-u12-201516","status":"publish","type":"page","link":"http:\/\/www.apn.ostroleka.pl\/?page_id=3668","title":{"rendered":"Liga M\u0142odzik\u00f3w U-12 (2015\/16)"},"content":{"rendered":"<p style=\"text-align: center;\"><strong>= = = = = = = = = = Sezon 2015\/16\u00a0= = = = = = = = = =\u00a0<\/strong><\/p>\n<p style=\"text-align: center;\"><img loading=\"lazy\" class=\"aligncenter size-full wp-image-5250\" src=\"http:\/\/www.apn.ostroleka.pl\/wp-content\/uploads\/2003-04-grup2016.jpg\" alt=\"2003-04-grup2016\" width=\"800\" height=\"418\" srcset=\"http:\/\/www.apn.ostroleka.pl\/wp-content\/uploads\/2003-04-grup2016.jpg 800w, http:\/\/www.apn.ostroleka.pl\/wp-content\/uploads\/2003-04-grup2016-300x157.jpg 300w\" sizes=\"(max-width: 800px) 100vw, 800px\" \/><\/p>\n<p><strong>Rozgrywki:<\/strong>\u00a0Liga Okr\u0119gowa M\u0142odzik\u00f3w D2 (U-12)<\/p>\n<p>[wpcm_matches comp=&#8221;184&#8243; season=&#8221;186&#8243; linktext=&#8221;Wy\u015bwietl wszystkie wyniki&#8221; title=&#8221;Mecze i wyniki&#8221; thumb=&#8221;1&#8243; link_club=&#8221;&#8221;]<\/p>\n<p>[wpcm_players limit=&#8221;0&#8243; season=&#8221;186&#8243; team=&#8221;198&#8243; orderby=&#8221;name&#8221; linktext=&#8221;Zobacz wszystkich zawodnik\u00f3w&#8221; stats=&#8221;flag,thumb,name,position,age,appearances,goals&#8221; title=&#8221;Zawodnicy&#8221;]<\/p>\n<p><strong>Trenerzy:<\/strong>\u00a0Marcin Roman i Piotr Wiski.<\/p>\n<p><strong>Tabela ko\u0144cowa:<\/strong><\/p>\n<ol>\n<li>APN Ostro\u0142\u0119ka 8-0-0 60-5\u00a0<strong>24<\/strong><\/li>\n<li>Nadnarwianka Pu\u0142tusk 6-0-2 51-10\u00a0<strong>18<\/strong><\/li>\n<li>UKS Narew Ostro\u0142\u0119ka 2-1-5 18-37\u00a0<strong>7<\/strong><\/li>\n<li>Iskra Krasne 2-0-6 9-59\u00a0<strong>6<\/strong><\/li>\n<li>MKS Narew Ostro\u0142\u0119ka 1-1-6 10-37\u00a0<strong>4<\/strong><\/li>\n<\/ol>\n<p>\/MKS Narew Ostro\u0142\u0119ka wycofany po rundzie jesiennej.\/<\/p>\n<p>&#8212;&#8212;&#8212;&#8212;&#8212;&#8212;&#8212;&#8212;&#8212;&#8212;&#8212;&#8212;&#8212;&#8212;&#8212;&#8212;&#8212;&#8212;&#8212;&#8212;&#8212;&#8212;&#8212;&#8212;&#8212;&#8212;&#8212;&#8212;-<\/p>\n<p style=\"text-align: left;\"><strong>Poprzednie sezony:<\/strong> <a href=\"http:\/\/www.apn.ostroleka.pl\/?page_id=4784\"><strong>2013\/14<\/strong> <\/a>Liga\u00a0Orlik\u00f3w U-11 &#8211; 3\/6; \u00a07-0-3; 80-17. <span style=\"color: #999999;\">Kolejno: sezon, liga, miejsce\/liczba dru\u017cyn, zwyci\u0119stwa-remisy-pora\u017cki, bramki zdobyte-bramki stracone.<\/span><\/p>\n","protected":false},"excerpt":{"rendered":"<p>= = = = = = = = = = Sezon 2015\/16\u00a0= = = = = = = = = =\u00a0 Rozgrywki:\u00a0Liga Okr\u0119gowa M\u0142odzik\u00f3w D2 (U-12) [wpcm_matches comp=&#8221;184&#8243; season=&#8221;186&#8243; linktext=&#8221;Wy\u015bwietl &hellip; <\/p>\n","protected":false},"author":1,"featured_media":0,"parent":5806,"menu_order":0,"comment_status":"closed","ping_status":"closed","template":"","meta":[],"_links":{"self":[{"href":"http:\/\/www.apn.ostroleka.pl\/index.php?rest_route=\/wp\/v2\/pages\/3668"}],"collection":[{"href":"http:\/\/www.apn.ostroleka.pl\/index.php?rest_route=\/wp\/v2\/pages"}],"about":[{"href":"http:\/\/www.apn.ostroleka.pl\/index.php?rest_route=\/wp\/v2\/types\/page"}],"author":[{"embeddable":true,"href":"http:\/\/www.apn.ostroleka.pl\/index.php?rest_route=\/wp\/v2\/users\/1"}],"replies":[{"embeddable":true,"href":"http:\/\/www.apn.ostroleka.pl\/index.php?rest_route=%2Fwp%2Fv2%2Fcomments&post=3668"}],"version-history":[{"count":39,"href":"http:\/\/www.apn.ostroleka.pl\/index.php?rest_route=\/wp\/v2\/pages\/3668\/revisions"}],"predecessor-version":[{"id":6774,"href":"http:\/\/www.apn.ostroleka.pl\/index.php?rest_route=\/wp\/v2\/pages\/3668\/revisions\/6774"}],"up":[{"embeddable":true,"href":"http:\/\/www.apn.ostroleka.pl\/index.php?rest_route=\/wp\/v2\/pages\/5806"}],"wp:attachment":[{"href":"http:\/\/www.apn.ostroleka.pl\/index.php?rest_route=%2Fwp%2Fv2%2Fmedia&parent=3668"}],"curies":[{"name":"wp","href":"https:\/\/api.w.org\/{rel}","templated":true}]}}