{"id":3089,"date":"2014-12-18T09:14:28","date_gmt":"2014-12-18T08:14:28","guid":{"rendered":"http:\/\/www.apn.ostroleka.pl\/?page_id=3089"},"modified":"2024-09-02T16:12:29","modified_gmt":"2024-09-02T14:12:29","slug":"dolacz-do-nas","status":"publish","type":"page","link":"http:\/\/www.apn.ostroleka.pl\/?page_id=3089","title":{"rendered":"Do\u0142\u0105cz do nas!"},"content":{"rendered":"<p>Serdecznie zapraszamy wszystkie ch\u0119tne dzieci z Ostro\u0142\u0119ki i okolic do wzi\u0119cia udzia\u0142u w treningach Ostro\u0142\u0119ckiej Akademii Pi\u0142ki No\u017cnej.<\/p>\n<p><span style=\"color: #ff0000;\"><strong>APN Ostro\u0142\u0119ka oferuje:<\/strong><\/span><\/p>\n<ul>\n<li>Do\u015bwiadczona i wykwalifikowana kadra trenerska<\/li>\n<li>Treningi na otwartych boiskach i w halach<\/li>\n<li>Profesjonalny sprz\u0119t treningowy<\/li>\n<li>Udzia\u0142 w turniejach pi\u0142karskich w Polsce i zagranic\u0105<\/li>\n<li>Wyjazdy na obozy sportowe<\/li>\n<li>Bezpiecze\u0144stwo i dobra zabawa<\/li>\n<li>Gwarantowana satysfakcja \ud83d\ude42<\/li>\n<\/ul>\n<p>Je\u017celi twoje dziecko wykazuje ch\u0119ci do gry w pi\u0142k\u0119 no\u017cn\u0105 przyprowad\u017a je do nas!<\/p>\n<p><strong>Zapraszamy dzieci z rocznik\u00f3w <span style=\"color: #ff0000;\">2016,2017,2018,2019,2020<\/span><span style=\"color: #ff0000;\"><span style=\"color: #99cc00;\"><span style=\"color: #ff0000;\">.<\/span><\/span><\/span><\/strong><\/p>\n<p>Wi\u0119cej szczeg\u00f3\u0142\u00f3w udziel\u0105 pa\u0144stwu trenerzy (patrz <strong><a href=\"http:\/\/www.apn.ostroleka.pl\/?page_id=54\">KONTAKT<\/a><\/strong>).<\/p>\n<p><img loading=\"lazy\" class=\"aligncenter size-full wp-image-7823\" src=\"http:\/\/www.apn.ostroleka.pl\/wp-content\/uploads\/apn_legia.png\" alt=\"\" width=\"490\" height=\"120\" srcset=\"http:\/\/www.apn.ostroleka.pl\/wp-content\/uploads\/apn_legia.png 490w, http:\/\/www.apn.ostroleka.pl\/wp-content\/uploads\/apn_legia-300x73.png 300w, http:\/\/www.apn.ostroleka.pl\/wp-content\/uploads\/apn_legia-100x24.png 100w, http:\/\/www.apn.ostroleka.pl\/wp-content\/uploads\/apn_legia-50x12.png 50w, http:\/\/www.apn.ostroleka.pl\/wp-content\/uploads\/apn_legia-25x6.png 25w\" sizes=\"(max-width: 490px) 100vw, 490px\" \/><\/p>\n","protected":false},"excerpt":{"rendered":"<p>Serdecznie zapraszamy wszystkie ch\u0119tne dzieci z Ostro\u0142\u0119ki i okolic do wzi\u0119cia udzia\u0142u w treningach Ostro\u0142\u0119ckiej Akademii Pi\u0142ki No\u017cnej. APN Ostro\u0142\u0119ka oferuje: Do\u015bwiadczona i wykwalifikowana kadra trenerska Treningi na otwartych boiskach &hellip; <\/p>\n","protected":false},"author":2,"featured_media":3591,"parent":0,"menu_order":0,"comment_status":"closed","ping_status":"closed","template":"","meta":[],"_links":{"self":[{"href":"http:\/\/www.apn.ostroleka.pl\/index.php?rest_route=\/wp\/v2\/pages\/3089"}],"collection":[{"href":"http:\/\/www.apn.ostroleka.pl\/index.php?rest_route=\/wp\/v2\/pages"}],"about":[{"href":"http:\/\/www.apn.ostroleka.pl\/index.php?rest_route=\/wp\/v2\/types\/page"}],"author":[{"embeddable":true,"href":"http:\/\/www.apn.ostroleka.pl\/index.php?rest_route=\/wp\/v2\/users\/2"}],"replies":[{"embeddable":true,"href":"http:\/\/www.apn.ostroleka.pl\/index.php?rest_route=%2Fwp%2Fv2%2Fcomments&post=3089"}],"version-history":[{"count":11,"href":"http:\/\/www.apn.ostroleka.pl\/index.php?rest_route=\/wp\/v2\/pages\/3089\/revisions"}],"predecessor-version":[{"id":10194,"href":"http:\/\/www.apn.ostroleka.pl\/index.php?rest_route=\/wp\/v2\/pages\/3089\/revisions\/10194"}],"wp:featuredmedia":[{"embeddable":true,"href":"http:\/\/www.apn.ostroleka.pl\/index.php?rest_route=\/wp\/v2\/media\/3591"}],"wp:attachment":[{"href":"http:\/\/www.apn.ostroleka.pl\/index.php?rest_route=%2Fwp%2Fv2%2Fmedia&parent=3089"}],"curies":[{"name":"wp","href":"https:\/\/api.w.org\/{rel}","templated":true}]}}